q = d - 9596. Is q a composite number?
False
Let l = -15768 + 27127. Is l a composite number?
True
Let x = -1235 - 412. Let j = -310 - x. Is j composite?
True
Is ((-406)/28 - -14)*-25958 composite?
False
Suppose 4*a - 5*k = -a - 645, 5*a = -3*k - 605. Let c be 489*3*(-2)/(-6). Let x = a + c. Is x a composite number?
True
Let u(q) = 1695*q + 41. Suppose o - 5*i + 4 = 0, 5*i + 14 = -5*o + 54. Is u(o) composite?
False
Let s = 316632 + -165125. Is s a composite number?
False
Suppose -2*f = k - 26, -f - 5*k + 25 = 2*f. Is -8261*(f/(-3) - -4) prime?
False
Suppose 0 = -13*u + 3*u + 30. Suppose u*s - m = 59123, s - 78832 = -3*s + m. Is s prime?
True
Let x = -2369106 + 4160761. Is x a composite number?
True
Let p = -240194 + 369393. Is p composite?
True
Let u be 145/58*(-36)/(-45). Suppose -4*x + 3*x + 4 = 0. Is 989*(u + 3 - x) a prime number?
False
Suppose -9*i = -14*i + 25940. Let v be 2/(-9) - i/(-18). Suppose 2*r - 2*j = v, 4 - 168 = -r - 3*j. Is r composite?
False
Let n(o) = 4*o + 22 - 5*o - 143*o**2 + 923*o**2. Is n(-9) composite?
False
Let x = -333783 + 478600. Is x composite?
False
Let r(h) = -157 + 142 + 128*h + 1416*h. Is r(16) prime?
False
Is (1972538 - 22 - 3) + ((-5)/1 - -3) a composite number?
False
Let g(k) = 60*k**2 - 4*k - 5. Let c be g(8). Suppose 0 = -4*b + 131 - 6867. Let q = c + b. Is q composite?
True
Let h(t) = -15767*t + 13. Let y be h(-2). Suppose 6*z + 5777 = y. Is z a prime number?
False
Let h(v) = 23628*v - 2707. Is h(16) a composite number?
False
Suppose -526*l + 64439948 + 84544051 = 11848961. Is l composite?
False
Let i = 13623 + -12690. Let x = 1 - -1. Suppose 5*b - l + 3*l = 2355, l = x*b - i. Is b a composite number?
True
Suppose -3*d - 918421 = -2*h, -290*d - 2 = -288*d. Is h a composite number?
False
Let r = 121965 + -51788. Is r prime?
True
Let r = -43592 + 169459. Is r a composite number?
True
Suppose -12 = -15*i + 14*i. Suppose 43528 = i*w - 65600. Is w a prime number?
False
Suppose 9*a - 178 = -61. Let d(k) = k**3 + 16*k**2 - 19*k - 17. Is d(a) prime?
True
Suppose -5*c + 2*n = -28860, 8806 = 2*c - n - 2738. Let f = c + -3849. Is f a composite number?
True
Suppose -427278 = -2*k + 4*s, 16*k = 18*k + 2*s - 427272. Is k a prime number?
True
Let x(l) = 3*l - 4. Suppose -3*k - 9 = -30. Let d be x(k). Let n = 5 + d. Is n a prime number?
False
Suppose 5*p + 5*c - 11393130 = 0, 2*p + 4*c - 1407351 = 3149891. Is p a prime number?
True
Let y = 119744 + -65295. Is y a composite number?
False
Suppose -4*w = -0*w + 4*o - 616, -4*o = -4. Let r = -81 - -86. Suppose -802 = -r*s + w. Is s a prime number?
True
Let m(j) = 21584*j + 3217. Is m(14) a prime number?
False
Let q(n) = 3746*n**2 - 27*n + 8. Is q(5) prime?
True
Let v be 128*(1 + (-5)/10). Let s = -90 + v. Let t = 105 - s. Is t a composite number?
False
Let v(f) = 3544*f**2 + 171*f - 2227. Is v(12) prime?
False
Let i(g) = 25*g**3 + 2*g + 2. Let a be i(-1). Let f = a - -29. Suppose 0 = -u - 3*t + 94, -2*t + 538 = f*u + 172. Is u prime?
False
Suppose m = t - 7995, 3*m - 9587 = -2*t + 6378. Let h = 16681 - t. Is h composite?
True
Suppose -31*r - 1874 + 95463 = 0. Is r a prime number?
True
Let a be -2 - -7 - 8 - -2607. Is 4/2 + 3 + a prime?
True
Suppose 67*q - 76*q + 3364029 = 0. Is q a prime number?
False
Let z = 29013 - 17170. Is z prime?
False
Let t(v) = v - 1. Let c(w) = 14*w**2 + 34*w + 38. Let q(r) = c(r) - 5*t(r). Is q(-16) composite?
False
Suppose -289579 - 1274248 = -18*f + 1455439. Is f a prime number?
False
Let t(d) be the third derivative of -949*d**4/8 - 121*d**3/3 + 21*d**2. Is t(-5) composite?
True
Let p = 4 - 0. Suppose t = 0, -12*s = -9*s - 3*t - 6. Is (8596/(-2))/((-1)/(s/p)) prime?
False
Let x(i) = -5*i - 42. Let t be x(-8). Is 39987/18*t/(-3) a composite number?
False
Let a(m) = 326*m**2 + 3*m + 12. Suppose -5*d + 4 = -7*d, 4*w - 5*d + 10 = 0. Is a(w) prime?
True
Suppose 20 = -5*i + 5*a, i + 5*a - 4 = -26. Let t(r) be the first derivative of -r**4 - 4*r**3/3 + 5*r**2 + 11*r + 125. Is t(i) composite?
False
Suppose 0 = o - 5*z + 562, -4*z + 3*z = 2*o + 1124. Suppose 5*h = 3*h - 4*u - 526, -532 = 2*h + 2*u. Let a = h - o. Is a composite?
False
Suppose 0 = -2*q - 2*o + 3988, -7*q + 9*q = o + 3985. Suppose -27*a + 24*a - 3*t + 1494 = 0, -3*t = 4*a - q. Is a a composite number?
False
Let r(k) = -1532*k**3 - 4*k**2 - 43*k - 75. Is r(-2) a prime number?
True
Let y(a) = 190*a + 47. Let j = -238 - -253. Is y(j) a prime number?
True
Let t(n) = -2*n**3 - 2*n**2 - 23*n - 17. Let h(u) = 3*u**3 + 4*u**2 + 45*u + 33. Let b(d) = 2*h(d) + 5*t(d). Is b(-8) composite?
True
Let w(u) = u**3 - 31*u**2 + 105. Let i be w(31). Suppose -97*s = -i*s + 16424. Is s composite?
False
Let n be 0 + 20/(-25) - 102/(-15). Is 1516/n*(6 + (-27)/6) prime?
True
Suppose 0 = 3*f - 5*v - 56, 4*f - 5*v + 47 - 115 = 0. Let z be 48/18*9/f. Is 10/(z + 3) - -401 composite?
True
Suppose -116*p + 105*p = -61853. Suppose 30*b - 29*b - p = 0. Is b composite?
False
Let i = -17067 + 40616. Is i a composite number?
False
Suppose -1321*h + 1002892 = -1319*h - 2*c, 3*h - 5*c = 1504328. Is h prime?
True
Let g(v) = -5666*v - 3935. Is g(-32) a prime number?
False
Let w(l) be the third derivative of l**5/60 + l**4/12 - 2*l**3 + 15*l**2. Let a be w(-5). Suppose 0 = a*j - j - 574. Is j composite?
True
Let a(h) = -h + 10. Suppose 0 = b + 3*i + i - 26, -4*b + 5*i = 1. Let g be a(b). Suppose 3*s - 5*u - 1085 = 0, -3*s = -g*s - u + 351. Is s a composite number?
True
Let c = -110 - -107. Is ((-831)/(-4))/(c/(-12)) a prime number?
False
Let u = -332 + 348. Suppose -u*f = -15495 - 2761. Is f a prime number?
False
Suppose -5*r + 28958 = -3*r. Let l = r - 7542. Is l composite?
True
Let n(z) = 264*z**3 + 3*z**2 + 124*z - 1791. Is n(14) composite?
False
Suppose 525 = 3*b - 594. Let u = b - 72. Is u a composite number?
True
Let b(s) = 437*s - 94. Let r be b(-16). Let q = r - -12517. Is q a prime number?
True
Suppose -79*v = 24*v - 32673763. Is v prime?
False
Let y = 1 - -19. Suppose -2*q = -0*q - 2*j - 2, 0 = -2*q - 4*j + y. Suppose -q*l + 2095 = l. Is l composite?
False
Let z = 453 + -96. Let c = 555 - z. Let f = 357 - c. Is f composite?
True
Let g be 143/(-5) - 2/5. Let k(y) be the second derivative of -29*y**3/6 + 18*y**2 + 490*y. Is k(g) a prime number?
True
Let y be (-1811610)/120 - (0 - 3/(-12)). Let d = y - -27908. Is d a composite number?
True
Let s be 0/(6*(3/(-1))/6). Suppose s = 10*y + 10 - 60. Suppose y*p = 3*c - 3197, -2*c + 2130 = -0*c - 3*p. Is c composite?
True
Let h(s) = 170*s**2 + 466*s - 17. Is h(8) composite?
False
Suppose 5*r - 8*c - 40 = -11*c, 4*c = -2*r + 30. Is (-2993613)/(-91) + r*8/260 a composite number?
True
Let u(t) = t + 11. Let a be u(-3). Suppose 20*g - a*g = 5244. Is g a composite number?
True
Suppose -4*i - 4*m - m + 21101 = 0, i - 3*m - 5271 = 0. Suppose -3 = s, -3*s + 4*s = -l - i. Let r = -3424 - l. Is r prime?
True
Let d be 1 - (-4871 + 3 - 4). Suppose -b - d = l - 3*l, 3*l - 4*b = 7312. Let n = l - 1601. Is n composite?
True
Let f = -25 - -26. Let u be f + 0 + (-14)/(-7). Suppose -4*k + c = -u*c - 7448, 0 = -3*c + 15. Is k composite?
False
Suppose 0 = w - 2, -3*x - 4*w + 37 = -4*x. Let j = x + 13. Is j/(-40) - 1986/(-10) a prime number?
True
Let q(r) be the third derivative of 37*r**5/30 + 13*r**4/24 - 7*r**3/6 - 8*r**2 - 5*r. Is q(-6) a composite number?
False
Suppose 131*d + 5*u = 130*d + 12288, -u - 24653 = -2*d. Is d composite?
False
Is 3326434/((-26)/(-10) - (-6)/(-10)) a composite number?
False
Is (-1 - -12 - -254714) + -2*4 composite?
True
Suppose 0*s = s + 2*a - 3, 0 = -5*a. Suppose 4 = 2*g - s*g, k - 1041 = 5*g. Suppose 0 = r + 2*m + 380 - k, -3*r + 1950 = -3*m. Is r prime?
True
Let b(d) = d + 15. Let g be b(-17). Let z be g/1*(-3)/2. Is -4 - 27*(z + -14) a composite number?
False
Let c be (-4)/18 + 235/45. Suppose 0 = -c*y + 3*y + 22. Suppose y*s = 2530 + 1551. Is s a prime number?
False
Let m(p) = -169*p**3 + p**2 - 3*p - 3. Let g be ((-34)/(-102))/(-1 - 10/(-12)). Let x be m(g). Let k = x - 442. Is k prime?
False
Suppose -5*n + 2*n - 6068 = 2*j, -5*n - 5*j = 10115. Let s = 3937 + n. Is s a composite number?
True
Let q be 1*2 - (-21)/(3 + -10). Let i be (-17 - -20) + 2*q/(-2). Suppose -2798 = -i*z + 2*z. Is z a composite number?
False
Let k be (-15)/5 + 0 + 2/(-2). Let j be (2